d by 17?
14
Let t(d) = -d**3 + 6*d**2 - 3. Let q(s) = 4*s**3 - 18*s**2 + s + 9. Let g(f) = -2*q(f) - 7*t(f). What is the remainder when 59 is divided by g(-6)?
14
Suppose -15 = l - 77. Suppose -2*h = -0*m + 2*m - l, -3*m - 5*h + 99 = 0. Calculate the remainder when m is divided by 10.
8
What is the remainder when 114 is divided by 12/15*(-3)/(9/(-75))?
14
Suppose -3*w + 2*w = -10. Calculate the remainder when w is divided by 3.
1
Calculate the remainder when 22 is divided by (-4 + 3)*0 + 8.
6
Let w(t) = 3*t**2. Let y be w(-1). Suppose 100 = c + y*c. Suppose 77 = 3*j + 4*s - 9*s, 0 = -5*s + c. Calculate the remainder when j is divided by 12.
10
Let j be (-1)/(1/3*-1). Let h be -2 + 1 - j/(-1). Suppose -h*w = -7*w + 15. What is the remainder when w is divided by 2?
1
Calculate the remainder when 47 is divided by ((-13)/13)/(-1 - (-24)/26).
8
Let s(c) = c**2 + 2. Let b be s(0). Suppose -2*m - 2*m - 6 = -h, 0 = -m - b. Let l(o) = -2*o**3 - o. Calculate the remainder when l(h) is divided by 10.
8
Calculate the remainder when ((-72)/14)/(5/(-35)) is divided by 8.
4
Let i = -31 - -63. Let r = i - 20. Let d(z) = 3*z**2 + 3*z + 4. What is the remainder when d(-3) is divided by r?
10
Let y(a) = -a**3 + 10*a**2 - 11*a - 6. Let x be y(8). Let m = -2 + x. Calculate the remainder when m is divided by 11.
10
Suppose p + p = j + 4, p = -2*j - 8. Let r = 2 - p. Suppose 5*h - 10 = 5*b, b - 2*h + 7 = 1. Calculate the remainder when b is divided by r.
0
Let v = 23 - 19. Calculate the remainder when 34 is divided by (9/v)/(6/24).
7
Suppose 279 = 3*b - 3*c, -b + 5*c = 3*c - 96. Let n = 488 - 457. What is the remainder when b is divided by n?
28
Suppose 0 = -3*b + 51 - 3. Let m = b - 5. Calculate the remainder when ((-4)/(-6))/((-6)/(-279)) is divided by m.
9
Let q(d) = -d. Let h be q(-2). Suppose -h*u + 40 = 3*u. Calculate the remainder when 29 is divided by u.
5
Let q(k) = -2*k**3 - 10*k**2 + 6*k - 14. What is the remainder when q(-6) is divided by 5?
2
Let y(o) be the third derivative of -2*o**5/5 + 2*o**3/3 - 5*o**2. Let d(q) be the first derivative of y(q). What is the remainder when d(-1) is divided by 25?
23
Suppose -4*o + 22 = -0*p + 3*p, 3*p + 5*o - 23 = 0. What is the remainder when (8/p)/((-10)/(-285)) is divided by 13?
12
Let z(g) = 5*g + 2. Let j be z(3). What is the remainder when (5 - -12)*(1 - -1) is divided by -1 + (j - -2)/1?
16
Let k(p) = -p + 7. Let y be k(5). Suppose -y*c + 4 = -10. What is the remainder when c is divided by 5?
2
Suppose 0*u = -3*u + 6. Suppose -2*x = u*x - 80. Suppose 0 = 4*f - 17 - 27. Calculate the remainder when x is divided by f.
9
Suppose -20 = -2*d - 0. Calculate the remainder when d is divided by 7.
3
Let l = 31 + -20. Calculate the remainder when 41 is divided by l.
8
Let b = -4 + 6. Suppose 3*n + 4*x = b, -n + 6*n - 50 = 5*x. Calculate the remainder when 11 is divided by n.
5
Suppose -5*n + 35 = 3*v, -2*v - 5*n + 25 = -v. Let h = -6 + v. What is the remainder when (-28)/h + -3 + 2 is divided by 14?
13
Suppose -7*k = -12*k + 25. What is the remainder when 39 is divided by k?
4
Let n be (-4)/7*7/(-2). Suppose n*h = h - 5*b + 22, -5*b = -20. What is the remainder when (-1)/(-2) + 15/h is divided by 3?
2
Let q = 93 - 39. Suppose 9*u - 4*u = -5*n + 125, -q = -3*u + 4*n. Calculate the remainder when 64 is divided by u.
20
Let k be -1 + 58/((-2)/2). Let s = k - -90. Let r(f) = 2*f + 4. What is the remainder when s is divided by r(6)?
15
Let q = -48 + 67. Suppose 4*h - 115 = 181. What is the remainder when h is divided by q?
17
Suppose 58 = 3*r + 4*w, 86 = 5*r - 0*r + 4*w. Calculate the remainder when 26 is divided by r.
12
Suppose -530 + 90 = -5*t. What is the remainder when t is divided by 23?
19
Let i = 28 + -14. Suppose -117 = -2*z - z. What is the remainder when z is divided by i?
11
What is the remainder when (40 - 41)/(((-6)/88)/3) is divided by 5?
4
Let l = -71 - -98. What is the remainder when 77 is divided by l?
23
Let p(k) = -2*k**2 - 18*k. Let j be p(-9). Suppose j = 3*f - x - 241, -x - 160 = f - 3*f. What is the remainder when f is divided by 21?
18
Let n = -58 + 36. Let b = n - -34. Let h(a) = 7*a. Calculate the remainder when h(5) is divided by b.
11
Let y(m) = m + 7. Let q be y(-6). Suppose 0 = v - 2 + q. Calculate the remainder when 1 - (-3 + (1 - -1)) is divided by v.
0
Let r(v) = v**2 - 8*v - 3. What is the remainder when r(-6) is divided by 21?
18
Suppose -20 = 5*q, l = 5*q + 2 + 10. Let s = 38 - 23. What is the remainder when (-90)/l*40/s is divided by 8?
6
Let o(y) = 8*y - y**2 - 4*y**2 + 2*y**2 + 2*y**2 - 1. Suppose 0 = -0*m + 2*m - 54. Calculate the remainder when m is divided by o(5).
13
Let o be 0 - (-4)/2 - 1. Suppose j + o - 5 = 0. Suppose -g + 19 + j = 0. Calculate the remainder when g is divided by 8.
7
Suppose 5*r = 186 - 66. What is the remainder when 93 is divided by r?
21
Let d = 66 - 40. Let b = -12 + d. What is the remainder when b is divided by 8?
6
Let t(m) = 2*m**2 + 9*m + 22. Calculate the remainder when t(-9) is divided by 8.
7
Suppose 4*l = 20, -2*l = -2*t - 7*l + 329. What is the remainder when t is divided by 17?
16
Let a = -8 + 6. Let p(q) = -2*q - 1. What is the remainder when p(a) is divided by 2?
1
Suppose 2*a - 15 = -a. Suppose 0*u + 44 = u + a*i, u - 4*i = 53. Calculate the remainder when u is divided by 17.
15
Suppose 3*m = 12 - 3. Suppose -s + m*s = 18. Let h = 5 + s. What is the remainder when h is divided by 8?
6
Suppose -6*d + 78 = -12. Suppose 0*y - 132 = -3*y. What is the remainder when y is divided by d?
14
Let c = 3 + 2. Let q = 5 - 1. Suppose 3*j = q*w + 33, -2*w = w + 9. What is the remainder when j is divided by c?
2
Let t be 2/(4 + -3)*-1. Let v(s) = s**3 + s**2 - 4*s + 3. Calculate the remainder when v(2) is divided by (t/(-4))/(1/4).
1
Let k be 26/4 - 9/(-6). Let o(s) = 2*s**2 - 11*s + 9. What is the remainder when o(k) is divided by 17?
15
Let k = -11 + 25. Calculate the remainder when 53 is divided by k.
11
Suppose -4*l + 126 = -4*r + 2*r, -4*r = -2*l + 48. Suppose z - 15 + 3 = 0. Calculate the remainder when l is divided by z.
10
Let n(f) = -2*f - 6. Let b(i) = -5*i - 19. Let t(o) = -3*b(o) + 8*n(o). What is the remainder when t(-7) is divided by 9?
7
Suppose 0 = 3*o + 3, 3*o - 87 = -5*p - 0*o. Calculate the remainder when 33 is divided by p.
15
Let n = -2 - -30. Calculate the remainder when n is divided by 10.
8
Calculate the remainder when 18 is divided by (-7)/(-1) - 8/(-8).
2
Suppose 2*v - 4 + 0 = 0. Suppose -4*k + 5*a + 82 = -k, v*a + 10 = 0. Calculate the remainder when 74 is divided by k.
17
Let k(n) = -n + 26. Suppose -2*q - 4*u + 28 = 2*q, q - 1 = u. What is the remainder when k(17) is divided by q?
1
Let b(w) = 2*w**2 - 8*w. What is the remainder when b(-7) is divided by 31?
30
Suppose 7*f = 2*f. Suppose 3*h - 36 - 21 = f. Suppose 3*m - 29 = -4*a, 4*a = -2*m + 16 + 6. Calculate the remainder when h is divided by m.
5
Let a(g) be the second derivative of -g**3/6 + 17*g**2/2 - g. Let n = 10 - 10. What is the remainder when 49 is divided by a(n)?
15
Suppose 0 = 11*j - 12*j + 10. What is the remainder when 19 is divided by j?
9
Let n(k) = -k**3 - k**2 - k - 4. Let b(q) = -q**2 - 12*q + 10. Let w be b(-13). What is the remainder when 67 is divided by n(w)?
16
Let o = -29 - -74. Suppose o = 5*p + 10. Calculate the remainder when 20 is divided by p.
6
Let l(a) = -10*a - 5. Let t = -3 + -1. Let h be l(t). Suppose 121 = 2*c + h. What is the remainder when c is divided by 15?
13
Suppose -k + 5*t - 4 + 18 = 0, -3*k = 3*t - 132. What is the remainder when 194 is divided by k?
38
Suppose 4*r = 5*x + r + 9, 0 = -x - r - 5. Let k = 3 + x. Suppose h + 3 - 11 = k. Calculate the remainder when 15 is divided by h.
7
Let u(h) = -2*h + 33. What is the remainder when 19 is divided by u(14)?
4
Calculate the remainder when 4/(-16)*2 - (-290)/4 is divided by 15.
12
Suppose -4*y = -7*y. Suppose 8*t - 3*t - 45 = y. Suppose 5*v - t = 4*v. Calculate the remainder when v is divided by 5.
4
Let j be (18/12)/(2/4). Suppose -20 = 5*c + j*f, -4*f + 17 - 5 = -3*c. Let n(d) = d**3 + 5*d**2 - 3. Calculate the remainder when 25 is divided by n(c).
12
Suppose 4 = -6*j + 7*j. Suppose 4*r = 6*r + 5*g - 59, -j*r = 2*g - 142. What is the remainder when 109 is divided by r?
35
Let l = 6 +